)/3*(-51)/34. Let g(r) = r + 2. Let o be g(8). Suppose -z*n - o + 59 = -5*p, 4*n - 4*p = 128. What is the remainder when n is divided by 13?
11
Let r(o) be the first derivative of 1/3*o**3 - 3/2*o**2 + 1 + 3*o + 1/2*o**4. Calculate the remainder when r(2) is divided by 6.
5
Suppose 2*j + 5*n + 7 = 0, -5*j - 6 = -n - 56. Suppose -4*a - b - 6 = 0, 0*a = a + 4*b + j. Calculate the remainder when 13/(1/(-2)*a) is divided by 9.
8
Let n(q) be the first derivative of -q**3/3 - 3*q**2/2 - 3*q + 2. Let o be n(-2). What is the remainder when 735/12 - o/(-4) is divided by 21?
19
Suppose -56 - 29 = -5*a. Calculate the remainder when 67 is divided by a.
16
Let r(n) be the first derivative of -n**4/4 - 5*n**3/3 - 7*n**2/2 + 2*n - 2. Suppose 0 = 5*p - 12 + 37. Calculate the remainder when r(p) is divided by 13.
11
Suppose 5*t + 1 = 2*r + 5, r + 2 = -3*t. Suppose t = 3*l - 71 - 19. Calculate the remainder when l is divided by 8.
6
Let o be (-2 - -6) + -2 - 1. Calculate the remainder when (4 + o)*9 + -2 is divided by 15.
13
Suppose 3*s - 23 = -2*u + 4, 0 = 5*s + 3*u - 45. What is the remainder when ((-12)/(-8))/((-6)/(-104)) is divided by s?
8
Let u be (-340)/(-15) + (-6)/9. Let l = 14 + u. What is the remainder when 69 is divided by l?
33
Let i(k) = k**2 + 3*k + 4. What is the remainder when i(-5) is divided by 4?
2
Let z(r) = 6*r + 4 + r - 3 - 4*r. Let j be z(6). Let c = 28 - j. Calculate the remainder when 17 is divided by c.
8
Let g = 8 - 4. Suppose g*q = 31 - 191. Let d = -21 - q. Calculate the remainder when 55 is divided by d.
17
Suppose -5*f = -0*f - 360. Calculate the remainder when f is divided by ((-4 + 3)*50)/(-2).
22
Let f(u) = -5*u**2. Let a be f(-1). Let m = a - -9. Calculate the remainder when 7 is divided by m.
3
Let y(k) = -k**2 - k + 2. Suppose -2*g - 3 = 4*r - r, -5*r = 5. What is the remainder when 4 is divided by y(g)?
0
Let m(l) = 2*l - 7. What is the remainder when 19 is divided by m(9)?
8
Let x(f) = f + 50. What is the remainder when x(-20) is divided by 9?
3
Suppose 56*n - 58*n = -108. Calculate the remainder when n is divided by 11.
10
Suppose -7*k + 2*k = 4*m - 14, 4*k + m = 20. Calculate the remainder when 21 is divided by k.
3
Calculate the remainder when ((-100)/(-4) + 4)/1 is divided by 8.
5
Suppose -2*j - 9 = -0*j - 5*l, -4*l = -12. Let n(p) = p**3 - p**2 + p + 3. Calculate the remainder when n(j) is divided by 9.
6
Suppose 3*h - 5*v = -v + 212, -h + 54 = 2*v. Suppose -k = -5*x + x + 56, -h = -4*x + 3*k. What is the remainder when x is divided by 4?
1
Let u = 3 + 2. Suppose -n = -u*l + 2, -10 + 24 = 4*n + 2*l. Calculate the remainder when n is divided by 3.
0
Suppose k - 4*k = 18. Let b be ((-4)/k)/((-2)/(-12)). What is the remainder when (16 - b) + 1 + 0 is divided by 7?
6
Suppose 297 = 2*a + 111. Calculate the remainder when a is divided by 12.
9
Suppose 682 + 1177 = 11*b. Calculate the remainder when b is divided by 57.
55
Suppose -14 + 44 = 5*b. Calculate the remainder when (2 + -1)/((-2)/(-46)) is divided by b.
5
Let k be 2 + (-1 - -4 - 1). Suppose -2*o + 38 = 2*w, k*w + 3*o = 6*o + 69. Calculate the remainder when w is divided by 10.
8
Let z = 179 + -61. Calculate the remainder when z is divided by 40.
38
Let w be 0*(1 + 0)/2. Let x = 2 + w. Suppose -4*l + 2*n + 4 = -58, l + x*n = 3. Calculate the remainder when 38 is divided by l.
12
Suppose m = 5*v + 18, -3*m - v + 0*v + 38 = 0. Calculate the remainder when 1 - (-2 - 34*1) is divided by m.
11
Let u(p) = 7*p**2 + 1 + 2*p**2 - 3*p**2. Calculate the remainder when 48 is divided by u(-2).
23
Let h(t) = -t**2 + 6*t - 3. Let a be h(4). Suppose 4*w + a = -p, 0 = 3*p + p - 3*w - 75. What is the remainder when 58 is divided by p?
13
Let b be 13/2*1*6. Let d = -21 + b. Let l(h) = -h**3 - 6*h**2 + h - 8. Calculate the remainder when l(-7) is divided by d.
16
Let r = -49 - -89. Let f(s) = -s**3 + 5*s**2 + 2*s - 2. Let w be f(3). Suppose -8 = j - w. What is the remainder when r is divided by j?
12
Let l = -9 - -15. Let d(b) = -2 - 3*b**2 + l*b**2 - 2*b + 1 + b**3. What is the remainder when 14 is divided by d(-3)?
4
Let k be 150/(-9)*6/(-4). Let j = k - -1. What is the remainder when 76 is divided by j?
24
Let j(t) = 3*t**2 - 12*t + 9. Calculate the remainder when 25 is divided by j(4).
7
Let l(k) = k**2 + k - 1. Let q be l(-3). Suppose 3 = -4*s + 4*u + 15, -q*u - 7 = -4*s. What is the remainder when s is divided by 5?
3
Let o = -21 - -94. Suppose 15 + 5 = 4*s, 5*s = -4*b + o. What is the remainder when 33 is divided by b?
9
Suppose 31 = 4*q - t, 5*q + t - 4 = 4*q. What is the remainder when 55 is divided by q?
6
Let u(h) = 2*h**2 + 2*h - 3. Let i(p) = p**2 + 7*p + 1. Let r be i(-6). Calculate the remainder when u(r) is divided by 10.
7
Suppose -3*j + 39 = -3. Calculate the remainder when (0 + -3 + -38)*-1 is divided by j.
13
Suppose 0*b + 5*b - 4*x - 16 = 0, -12 = -2*b - 4*x. What is the remainder when (-3)/((-68)/28 + 2) is divided by b?
3
Let v(d) = -6*d**3 - d**2 - 2*d - 1. Let r = 225 + -214. Calculate the remainder when r is divided by v(-1).
5
Let t(i) = 18*i - 99. Calculate the remainder when ((-3)/2)/((-3)/102) is divided by t(7).
24
Suppose 4 = -2*m + 2. Calculate the remainder when 64 is divided by ((-17)/2)/(m/2).
13
Let b = 0 - -11. Calculate the remainder when 30 is divided by b.
8
Suppose 2*w + 4*i = 10, -4*i - 4 = -2*w - 2*i. What is the remainder when 8 is divided by w?
2
Let g(u) = 4*u**3 - u**2 - 3*u + 5. What is the remainder when 103 is divided by g(2)?
22
Let m = -49 + 96. What is the remainder when m is divided by 16?
15
Let g(a) be the third derivative of -a**6/60 - a**5/60 - a**4/12 - 2*a**2. What is the remainder when 31 is divided by g(-2)?
15
Suppose 5*i + 3*g - 16 = 0, -3*g - 2 = -7*i + 3*i. Calculate the remainder when (-48)/(-21) + 2/(-7) is divided by i.
0
Let r = -14 - -16. Let c = 7 + r. Calculate the remainder when 35 is divided by c.
8
Suppose 2*p - 15 = 3. Let d = 5 - 7. What is the remainder when 1 + d + 52/2 is divided by p?
7
What is the remainder when -3*(-2 + 3 + 424/(-12)) is divided by 35?
33
Let s be 2 - 1*(-4 - -2). Suppose -6*p = -p + 2*j + 12, 2*j = -s*p - 8. Let a(r) = r**3 + 4*r**2 - 6*r - 3. Calculate the remainder when a(p) is divided by 12.
9
Let w = 167 + -98. Calculate the remainder when w is divided by 24.
21
Let i be (-1 + 4 + -12)*-5. Suppose j + 7*m - 4*m = -2, 4*j - 7 = 3*m. Calculate the remainder when (-8)/(-5) + (-27)/i is divided by j.
0
Suppose -90 = -2*b - b. Let m = b - 18. What is the remainder when m is divided by 5?
2
Let p(x) = 2*x**3 + x**2 + 3*x - 1. Let l(s) = 2*s**3 + s**2 + 3*s - 1. Let h(r) = 4*l(r) - 3*p(r). Calculate the remainder when h(2) is divided by 7.
4
Let z(v) = 8*v**2 - 2*v - 1. What is the remainder when (-8)/(-14) - 908/(-28) is divided by z(-1)?
6
Let l(f) = f**2 + f - 4. Suppose 0 = -t + 2*t - 3. What is the remainder when l(t) is divided by (3/(-9))/((-5)/45)?
2
Let z = 65 + -51. Calculate the remainder when z is divided by 8.
6
Calculate the remainder when ((-105)/(-42))/(1/6) is divided by (-64)/(-10) + 4/(-10).
3
Suppose -4*t = -3 - 9. Suppose t*z + 26 = 92. Calculate the remainder when z is divided by 6.
4
Let u be -25*((-6)/15)/(-1). Suppose -3*k - 3*s + 12 = 0, -5*s - 22 - 28 = -5*k. Calculate the remainder when k is divided by 18/5 - u/25.
3
Let t(b) = -b**2 - 12*b - 13. What is the remainder when 113 is divided by t(-8)?
18
Suppose 33*p = 29*p + 8. Calculate the remainder when (1 + 1 + -1)*4 is divided by p.
0
Suppose 0 = 3*k - 3*q - 12, 3 + 7 = 3*k - q. Let s(i) = -k + 2 + i + i + i. What is the remainder when 9 is divided by s(2)?
4
Let s(m) = m**2 + 4*m + 7. Calculate the remainder when (-313)/(-9) - (-2)/9 is divided by s(-5).
11
Let g = 20 + -3. What is the remainder when g is divided by (-1 - -16)*2/24*4?
2
Suppose -5*t + 0*t = 0, 0 = -4*i + 3*t + 124. Let p = i + -19. Calculate the remainder when 35 is divided by p.
11
Suppose t + 8 = 3*t. Suppose 10 = t*g - 3*g. What is the remainder when 18 is divided by g?
8
Suppose 78 = -5*k + 8*k. Let j(w) be the third derivative of -w**4/12 - w**3/2 + 2*w**2. What is the remainder when k is divided by j(-6)?
8
Suppose -2 = 2*h - 14. Let m = h + 14. Suppose -2*n - 3*n = i - 21, 5*n = m. Calculate the remainder when 1 is divided by i.